e factors of j?
73
Let n(d) = -d**2 + 19*d + 12. Let a = 44 - 41. Suppose 0 = a*q - 54 + 3. What are the prime factors of n(q)?
2, 23
Let k = -9702 + 14798. What are the prime factors of k?
2, 7, 13
Let i = -77 + 83. Suppose -i*p + 2*p + 12 = 0. Suppose -h - p*o + 211 = 0, 5*o + 3 - 18 = 0. List the prime factors of h.
2, 101
Let a(b) = b**3 - 55*b**2 - 57*b - 475. What are the prime factors of a(58)?
6311
Let a be (5 + 0)/((-4)/(-1 + -3)). List the prime factors of (-294 + -3 + a)*(1 - 2).
2, 73
Let o(h) = 471*h + 4729. What are the prime factors of o(0)?
4729
Let n = -587 + 1547. List the prime factors of ((-39)/2)/((-90)/n).
2, 13
Let j = 169 - 154. List the prime factors of (21 - 14) + 29*j.
2, 13, 17
Let b(o) = -703*o**2 - 2*o - 2. Let k be b(-1). Let x = k + 1146. List the prime factors of x.
443
Let o(d) be the third derivative of -21*d**4/2 - 167*d**3/3 - 15*d**2 - 2*d. What are the prime factors of o(-7)?
2, 5, 11, 13
Let b(r) = -r**3 + 3*r**2 + 2*r - 51. Let h be b(-7). Suppose 5775 = 8*d - h. List the prime factors of d.
5, 31
List the prime factors of 18 + (7 - 5819)*-1.
2, 5, 11, 53
Let i be 3*(-1)/2*-18. Let w be i/((-2)/(-3) + (-1)/3). Let f = 149 - w. What are the prime factors of f?
2, 17
Let k(h) be the first derivative of 4*h**3 - h**2 + 32*h + 21. Let g(z) be the first derivative of k(z). What are the prime factors of g(2)?
2, 23
Suppose -76*q + 65*q + 27654 = 0. What are the prime factors of q?
2, 3, 419
Suppose -5*l = -5*m + 165, 3*l - m - 25 + 126 = 0. Let y = -34 - l. Suppose -p + 17 + 77 = y. What are the prime factors of p?
2, 47
Let x = -890 + 7119. List the prime factors of x.
6229
What are the prime factors of (-54557594)/(-3094) - 12/34?
7, 11, 229
Let x be (-2)/(-21)*3 + (-30875)/91. Let c = x + 572. List the prime factors of c.
233
Suppose -10*l + 223024 = -10*l + 16*l. List the prime factors of l.
53, 263
Let i(w) = -24*w + 13. Let p(y) be the third derivative of -y**4/8 + 17*y**3/2 + 19*y**2. Let v be p(18). What are the prime factors of i(v)?
5, 17
Let w = -10247 + 26527. List the prime factors of w.
2, 5, 11, 37
Let b(g) = -13*g + 59*g - 43 - 11*g. List the prime factors of b(19).
2, 311
Let v be ((-6)/2*-10)/1. Suppose 42*b - v*b = 8256. List the prime factors of b.
2, 43
Let j(h) = 7*h**3 - 20*h**2 + 119*h - 235. List the prime factors of j(21).
58271
Suppose 3344 + 5264 = 16*p. Suppose -3*w + p - 7 = 0. List the prime factors of w.
3, 59
Let n = 488 - 477. Suppose n*y - 5966 = 3978. What are the prime factors of y?
2, 113
Let l be 2*2/(-3)*24. Let i(x) = -3*x - 24. Let y be i(-33). Let a = y + l. List the prime factors of a.
43
Let z(s) = s**3 - 12*s**2 + 11*s. Let x be z(11). List the prime factors of (1 + x)/((0 + -3)/(-1308)).
2, 109
Let d(k) = 344*k**2 - 33*k - 310. List the prime factors of d(-6).
2, 13, 59
Suppose -5*x = -i - 3 - 3, 2*x = -2*i. Let c = x + 155. What are the prime factors of c?
2, 3, 13
Suppose -17*k + 681 + 84 = 0. Let m = 418 + k. What are the prime factors of m?
463
Suppose 55 - 10 = 15*c. List the prime factors of (-4)/c + (-37956)/(-36).
3, 13
Suppose 85 = 5*v - 115. Let u = v - 33. Let b(y) = 8*y - 12. What are the prime factors of b(u)?
2, 11
Suppose -v - 4*h - 1 - 2 = 0, 0 = 3*v + 5*h - 19. Suppose u - 1205 = -v. List the prime factors of u.
2, 149
Let v(g) = -2*g + 38. Let m be v(13). Let l = 1058 + m. List the prime factors of l.
2, 5, 107
Suppose 4*a + 8570 = 4*d - 17410, -6525 = -d - 5*a. List the prime factors of d.
2, 5, 13
Let s be (-4 - -2)*10/(-4). Suppose -s*h + 4*h - 6 = 0. What are the prime factors of (h/15)/((-2)/560)?
2, 7
Suppose -55*r + 44*r = 4653. Let q = r - -1856. What are the prime factors of q?
1433
Suppose -18*d + 50*d = 3040. Let s = d + 175. What are the prime factors of s?
2, 3, 5
Let w(x) = 121*x**3 - x**2 - 27*x + 275. What are the prime factors of w(8)?
3, 6883
Let d = 24 + -40. List the prime factors of ((-156)/d)/((-1)/(-4)).
3, 13
Suppose -81 = -r - 5*z, -2*z + 3 + 1 = 0. Let d = -209 + r. Let x = 142 - d. What are the prime factors of x?
2, 5, 7
Suppose 13*z + 10437 = 6*z. Let x = 2481 + z. List the prime factors of x.
2, 3, 5, 11
Let h(p) = -158*p**3 + 4*p**2 + 15*p + 40. What are the prime factors of h(-3)?
4297
Let q = 31 - 56. Let m(t) = -3*t**2 - 17*t - 6. Let w(r) = 16*r**2 + 84*r + 21. Let b(p) = -11*m(p) - 2*w(p). What are the prime factors of b(q)?
2, 3, 29
Let s = -94 - -104. Let u(m) = m - 16*m - s*m + 60 + 6*m. What are the prime factors of u(-5)?
5, 31
Let n be 10 + -3 - 2/(2/3). Suppose y - 129 = -4*v, -y = n*y - 25. What are the prime factors of v?
31
Suppose -11*n = 687 + 18035. List the prime factors of 9/15 - (-7 - n/(-5)).
2, 3, 29
Suppose 3*a = -2*q + 113893, -27*a = 2*q - 25*a - 113896. List the prime factors of q.
56951
Let k be 14 - 18/(-5 + 2). What are the prime factors of 17368/k + 0 + (-2)/5?
2, 7, 31
Suppose 71*s = 75*s + 20. Let b = -1 - s. Suppose 292 + 208 = b*u. List the prime factors of u.
5
Let d = 260 - 64. Suppose -8*j = d - 2540. List the prime factors of j.
293
Let f be (7/42*52)/(4/414). Suppose -131*o = -134*o + f. List the prime factors of o.
13, 23
Suppose 1809329 = -4*r + 104*r - 3520871. What are the prime factors of r?
2, 29, 919
Let k(l) be the third derivative of 1/30*l**5 + 11/24*l**4 + 0 - 4*l**3 - 34*l**2 + 0*l. List the prime factors of k(7).
151
Suppose 3*x = 2*y + 20416, 0 = 5*x - 7*x + 5*y + 13596. List the prime factors of x.
2, 23, 37
Suppose 200*a - 201*a + 20468 = k, -3*k + 20468 = a. List the prime factors of a.
2, 7, 17, 43
Suppose 0 = 1314*w - 1256*w - 64090. List the prime factors of w.
5, 13, 17
Let u(v) = 249*v**2 + 5*v - 3. Let s be u(4). Suppose 1061 = -21*x + s. List the prime factors of x.
2, 5, 7
Let q(b) be the second derivative of -18*b**3 - 105*b**2/2 + 258*b. What are the prime factors of q(-4)?
3, 109
Suppose 26855 + 30421 = 37*q. What are the prime factors of q?
2, 3, 43
Let o(n) = 22*n + 152. Let j be o(26). What are the prime factors of (-6)/(-12)*(4 + j + 4)?
2, 3, 61
Suppose -6*f - 2 + 20 = 0. Suppose 5*o - 789 = -f*a, 3*o - 1052 = -4*a + 8*o. What are the prime factors of a?
263
Suppose -2*t - 28527 = -5*f, -1847 = -f - 4*t + 3876. Suppose -6*c + f = 1879. List the prime factors of c.
2, 11, 29
Let v be 0 - (-8)/(-2) - -4. Suppose 9*s - 2320 - 452 = v. List the prime factors of s.
2, 7, 11
Suppose 457698 = 36*d + 157782. List the prime factors of d.
3, 2777
Let j be ((-14)/(-35))/((-69)/75 + 1). Suppose -3*w + 2132 = j*f, -4*w = -15*f + 16*f - 440. What are the prime factors of f?
2, 53
Suppose 10*d = 7 + 13. Suppose d*w = -3*w - 2*x + 3354, 0 = 2*w + 4*x - 1348. List the prime factors of w.
2, 5, 67
List the prime factors of 258/(0 - 6)*(2 - -360)/(-2).
43, 181
Suppose f - 50 = -9*f. Suppose f*k = 2*n + 165, 3*k + k - n = 132. Let j = k + 189. List the prime factors of j.
2, 3, 37
Let i(v) = -v**2 - 8*v - 8. Let x be 22/(-4) + 1 - 4/8. Let y be i(x). Suppose y*z = 4*z + 330. What are the prime factors of z?
2, 5, 11
Let o(i) = 5*i**3 + 7*i**2 - 10*i + 18. Let c(a) = -6*a**3 - 2*a**2 + a + 1. Let t be c(-1). What are the prime factors of o(t)?
2, 5, 41
Suppose z + 21760 = 5*n, 0 = 15*z - 13*z. List the prime factors of n.
2, 17
Let c(t) = t**3 + 2 - 6*t**3 - 3 + 4*t + t**3. Let b be c(-3). Suppose b + 159 = 2*w. List the prime factors of w.
127
Let f be (138/(-4))/((-10)/(-20)). Let i = f - -195. Suppose 2*l + i = 4*l. What are the prime factors of l?
3, 7
Let n = -90 - -94. Suppose 0 = -5*i - 1 - 14, -4*q - 2*i = -6. Suppose -q*y - 3*z + 480 = 0, -5*z = -n*y - z + 656. List the prime factors of y.
2, 3
Let m(j) = -j**2 + j. Let z(w) = -w**3 - 12*w**2 - 10*w + 7. Let a(n) = 4*m(n) + z(n). List the prime factors of a(-16).
103
Suppose 15*l = -2*k + 14*l + 16, -2*k + 5*l = -16. Suppose -5*h + i + 3396 = 0, 3*i - k*i = -20. List the prime factors of h.
2, 5, 17
Let n = -122 - -128. Suppose n*y - 24 = 3*y. Suppose 286 + 1530 = y*w. List the prime factors of w.
227
Suppose -3*b + 575 = -4*v, 20*b - 25*b = 3*v - 968. Let z = 366 - b. What are the prime factors of z?
173
Let i be (-14)/(-63) + (-104)/(-18). Let r(b) = -12 - 13 + i*b + 15. List the prime factors of r(11).
2, 7
Suppose -1216389 = -243*c + 3416163. What are the prime factors of c?
2, 2383
Let j be -4*5